he remainder when 161533 is divided by 47.
41
Calculate the remainder when 127199 is divided by 95.
89
Calculate the remainder when 44223 is divided by 243.
240
Calculate the remainder when 287684 is divided by 51.
44
What is the remainder when 2044 is divided by 2034?
10
What is the remainder when 209871 is divided by 33?
24
What is the remainder when 766 is divided by 86?
78
Calculate the remainder when 569492 is divided by 142372.
4
Calculate the remainder when 25145 is divided by 350.
295
Calculate the remainder when 1119 is divided by 370.
9
What is the remainder when 1157 is divided by 8?
5
What is the remainder when 100329 is divided by 308?
229
What is the remainder when 23045 is divided by 204?
197
Calculate the remainder when 12647 is divided by 346.
191
What is the remainder when 6355 is divided by 1266?
25
What is the remainder when 4155 is divided by 4124?
31
What is the remainder when 305004 is divided by 16?
12
Calculate the remainder when 16 is divided by 9.
7
Calculate the remainder when 86308 is divided by 70.
68
Calculate the remainder when 7541 is divided by 237.
194
Calculate the remainder when 41317 is divided by 73.
72
What is the remainder when 15253 is divided by 32?
21
What is the remainder when 4020 is divided by 18?
6
Calculate the remainder when 1671 is divided by 77.
54
Calculate the remainder when 46419 is divided by 110.
109
What is the remainder when 4768 is divided by 4762?
6
What is the remainder when 803198 is divided by 19?
11
What is the remainder when 126721 is divided by 230?
221
Calculate the remainder when 1382 is divided by 130.
82
What is the remainder when 3663 is divided by 77?
44
What is the remainder when 30880 is divided by 186?
4
Calculate the remainder when 23875 is divided by 302.
17
What is the remainder when 16565 is divided by 592?
581
What is the remainder when 9976 is divided by 40?
16
What is the remainder when 154832 is divided by 19353?
8
Calculate the remainder when 297410 is divided by 47.
41
What is the remainder when 782 is divided by 236?
74
What is the remainder when 16997 is divided by 243?
230
What is the remainder when 538 is divided by 266?
6
What is the remainder when 6871 is divided by 176?
7
What is the remainder when 481646 is divided by 9?
2
Calculate the remainder when 13476 is divided by 19.
5
Calculate the remainder when 11248 is divided by 5605.
38
What is the remainder when 1949 is divided by 345?
224
What is the remainder when 11482 is divided by 2290?
32
What is the remainder when 234361 is divided by 2?
1
Calculate the remainder when 34220 is divided by 34194.
26
What is the remainder when 1632 is divided by 34?
0
What is the remainder when 1360482 is divided by 63?
60
What is the remainder when 1567 is divided by 510?
37
What is the remainder when 415794 is divided by 440?
434
Calculate the remainder when 3651 is divided by 1806.
39
Calculate the remainder when 105113 is divided by 22.
19
What is the remainder when 1994175 is divided by 11?
7
What is the remainder when 5096 is divided by 957?
311
Calculate the remainder when 260 is divided by 65.
0
Calculate the remainder when 90723 is divided by 996.
87
Calculate the remainder when 74967 is divided by 167.
151
What is the remainder when 367483 is divided by 37?
36
Calculate the remainder when 59247 is divided by 140.
27
Calculate the remainder when 3332 is divided by 1075.
107
What is the remainder when 299390 is divided by 479?
15
Calculate the remainder when 2662 is divided by 1.
0
Calculate the remainder when 128486 is divided by 609.
596
What is the remainder when 8209 is divided by 2049?
13
What is the remainder when 111832 is divided by 126?
70
Calculate the remainder when 98105 is divided by 2651.
18
Calculate the remainder when 7604 is divided by 158.
20
What is the remainder when 1844 is divided by 901?
42
What is the remainder when 856988 is divided by 86?
84
What is the remainder when 55431 is divided by 12?
3
What is the remainder when 292051 is divided by 123?
49
Calculate the remainder when 7671 is divided by 7242.
429
What is the remainder when 546 is divided by 296?
250
Calculate the remainder when 243213 is divided by 26.
9
Calculate the remainder when 11303 is divided by 95.
93
What is the remainder when 19043 is divided by 1582?
59
Calculate the remainder when 6964 is divided by 581.
573
What is the remainder when 33499 is divided by 684?
667
Calculate the remainder when 3049 is divided by 165.
79
What is the remainder when 1313 is divided by 240?
113
Calculate the remainder when 5153 is divided by 440.
313
Calculate the remainder when 24644 is divided by 43.
5
What is the remainder when 2617 is divided by 676?
589
Calculate the remainder when 579723 is divided by 1377.
6
What is the remainder when 7151 is divided by 83?
13
Calculate the remainder when 6057 is divided by 1259.
1021
What is the remainder when 10531 is divided by 2620?
51
What is the remainder when 2593 is divided by 2579?
14
What is the remainder when 4075 is divided by 263?
130
What is the remainder when 48429 is divided by 865?
854
What is the remainder when 420185 is divided by 328?
17
Calculate the remainder when 27582 is divided by 1313.
9
What is the remainder when 2916 is divided by 56?
4
Calculate the remainder when 39075 is divided by 140.
15
What is the remainder when 8915 is divided by 47?
32
Calculate the remainder when 4953 is divided by 2441.
71
What is the remainder when 618645 is divided by 12?
9
What is the remainder when 660 is divided by 611?
49
Calculate the remainder when 454079 is divided by 176.
175
What is the remainder when 2518383 is divided by 328?
327
Calculate the remainder when 10065 is divided by 3243.
336
What is the remainder when 309584 is divided by 103194?
2
Calculate the remainder when 7006 is divided by 333.
13
Calculate the remainder when 642 is divided by 353.
289
What is the remainder when 2508 is divided by 1457?
1051
Calculate the remainder when 1230 is divided by 68.
6
What is the remainder when 175757 is divided by 65?
62
Calculate the remainder when 18801 is divided by 4698.
9
Calculate the remainder when 8105 is divided by 452.
421
Calculate the remainder when 738 is divided by 91.
10
Calculate the remainder when 1073 is divided by 181.
168
What is the remainder when 44364 is divided by 819?
138
Calculate the remainder when 5004 is divided by 761.
438
Calculate the remainder when 1882 is divided by 559.
205
Calculate the remainder when 9423 is divided by 764.
255
What is the remainder when 36940 is divided by 141?
139
What is the remainder when 8225 is divided by 68?
65
Calculate the remainder when 580257 is divided by 1118.
15
Calculate the remainder when 34056 is divided by 4256.
8
What is the remainder when 62937 is divided by 20973?
18
Calculate the remainder when 64573 is divided by 21.
19
Calculate the remainder when 2737 is divided by 56.
49
Calculate the remainder when 8733 is divided by 1514.
1163
Calculate the remainder when 45139 is divided by 1608.
115
Calculate the remainder when 13243 is divided by 6614.
15
What is the remainder when 1296161 is divided by 39?
35
Calculate the remainder when 8825 is divided by 2908.
101
What is the remainder when 5210 is divided by 211?
146
What is the remainder when 4402 is divided by 90?
82
What is the remainder when 20558 is divided by 3426?
2
What is the remainder when 128420 is divided by 413?
390
Calculate the remainder when 100379 is divided by 36.
11
What is the remainder when 37015 is divided by 681?
241
Calculate the remainder when 2069 is divided by 1010.
49
Calculate the remainder when 54494 is divided by 17.
9
Calculate the remainder when 25702 is divided by 21.
19
What is the remainder when 21054 is divided by 263?
14
Calculate the remainder when 80969 is divided by 771.
14
Calculate the remainder when 1188 is divided by 137.
92
Calculate the remainder when 17543 is divided by 5832.
47
What is the remainder when 29959 is divided by 7?
6
What is the remainder when 25973 is divided by 26?
25
Calculate the remainder when 8046 is divided by 201.
6
What is the remainder when 9542 is divided by 2384?
6
What is the remainder when 789433 is divided by 15?
13
What is the remainder when 1279301 is divided by 12?
5
Calculate 